*2 - 5*t + 6. Let p(n) = 6*i(n) - 5*x(n). Suppose 2*r - 5*f = -3*f, 4*r = -3*f. What is p(r)?
6
Let f(h) be the first derivative of 4*h**4 - h**3/3 - 1. Suppose 46 - 123 = -77*z. Calculate f(z).
15
Let m(a) = 5*a**2 + 8*a - 15. Let n(z) = 21*z**2 + 32*z - 61. Let p(f) = 25*m(f) - 6*n(f). Suppose -8 = 2*l - 22. What is p(l)?
-2
Let w(f) = 4*f. Let t(o) = -o**2 - 3*o - 3. Let h(v) = -t(v) - 2*w(v). Determine h(3).
-3
Let f(s) = -s**2 + 3*s + 2. Let g be f(3). Let b(j) = -j + j - 7*j**2 + 1 - j**g. Let c(a) = -a**3 + 3*a**2 - a + 4. Let l be c(3). What is b(l)?
-7
Let z be (-2)/7 - 69/(-21). Suppose 4*f = 2*f - 2*h + 2, -z*h = 4*f - 6. Let i(y) = -3 + 2 + 4 + y. Give i(f).
6
Let h = -1235/3 + 412. Let p(q) be the second derivative of -3/2*q**2 + 0 - 3*q + h*q**3. What is p(3)?
3
Let b(o) = o**2 + 5*o - 2. Let t be (8/3)/((-133)/(-27) + -5). Let f be 1/(3/t*-4). Calculate b(f).
22
Let w(a) = -a**2 + 2*a + 1. Let m(s) = -s**2 - 12*s + 18. Let x be m(-13). Suppose 5*q = 2*k + 7*q - 12, x*k - 4*q + 6 = 0. Calculate w(k).
1
Let a(f) = -17 + 2*f**2 + 4*f + 17 - 1 - 5*f - f**3. Determine a(2).
-3
Let i(j) = -j**3 - 4*j**2 + 6*j - 2. Suppose 0*h = 2*h - 2*c - 30, 5*h - 75 = -3*c. Suppose -1 = -3*m + 14. Suppose m*q + h = 2*q. What is i(q)?
-7
Let d(i) be the first derivative of i**2 - 16*i + 118. Determine d(11).
6
Let a(i) be the second derivative of -i**4/12 - 2*i**3/3 - i. Suppose -9 + 25 = 2*p - 4*t, 3*t = -5*p - 25. Determine a(p).
4
Suppose 11*c = 26 + 7. Let h(z) = 4*z + 2 - 2*z**3 + 4*z**3 - z**c + 3*z**2. Calculate h(-3).
-10
Let c be -2 - 1 - 12/(-28)*-7. Let n(d) = -d**3 - d**2 - 5*d**2 + 3*d + 6 + d**2 - d**2. Determine n(c).
-12
Let c(f) = 13*f - 25 + 2*f + f**2 + 22. Let y be c(-15). Let d(h) = 2*h - 3*h - 1 + 2*h. Calculate d(y).
-4
Let b(t) = t**3 - 5*t**2 + 5*t - 4. Let o be b(4). Let p be 1/(-5) - (-102)/10. Suppose o*k = 2*k - p. Let w(m) = 2*m - 7. What is w(k)?
3
Let r(v) = 3*v + 1. Let x(b) = -16*b. Let q(i) = 5*r(i) + x(i). Let o be 0 + 5/(-1 + 2). Suppose -3*y + 0*h = -4*h + 34, 0 = -o*y + 3*h - 42. Calculate q(y).
11
Suppose -4*z - 4*f = -0*f - 28, -5*f = -3*z - 3. Let b(u) = 1 - 1 + 2 - 1 + 6*u. Let m(s) = 6*s + 1. Let k(t) = z*b(t) - 3*m(t). Calculate k(2).
13
Suppose 7 + 0 = 2*q + t, -4*t = -4*q + 8. Let u(r) = -q + 6*r**2 - 3*r**2 + 6*r - 4*r**2 - r. Determine u(4).
1
Let d be -1*(0/8 + 1). Let k(v) = 32*v**3 + v + 1. Determine k(d).
-32
Let y = 164 + -160. Let z(t) be the second derivative of t**3 + 0 - 6*t + 5/2*t**2 + 1/6*t**y. Calculate z(-4).
13
Let s(z) = z**2 - 11*z - 14. Let m(k) = 3*k + 17. Let v be m(-2). Determine s(v).
-14
Let i be (-18)/(-4)*(-10)/(-15). Let q(y) = 2 - 2 + 6*y**3 - 7*y**2 - 5*y**i + 5*y. What is q(6)?
-6
Let g(y) be the first derivative of y**2/2 - 7*y - 354. Calculate g(-4).
-11
Let b = -36 + 46. Let u(x) = -b*x**2 + 3*x**2 + 2*x + 6*x**2 - 2. Determine u(4).
-10
Let s(q) = 17*q - 7. Let u(v) = 1. Let b(t) = s(t) + 3*u(t). Let y(j) = 4*j - 1. Let m(w) = -2*b(w) + 9*y(w). Let p = 507 + -503. Calculate m(p).
7
Let x = -869 - -864. Let z(f) = f**2 + 8*f + 3. Calculate z(x).
-12
Let y(b) = b**2 + 2. Suppose -l - 7*l = 0. Determine y(l).
2
Let x(u) = -2*u + 1. Suppose 3*n - 18 + 6 = 0. Suppose f - n = -0. Suppose 2*h - f + 2 = 0. Determine x(h).
-1
Let u be ((-12)/(-8) - 5)*12/(-14). Let g(f) be the second derivative of -1/2*f**4 + 0*f**u + 0 - 1/2*f**2 + 6*f. Calculate g(-1).
-7
Let z = -11 - -6. Let i(q) be the second derivative of q**3/3 + q**2 - q. Determine i(z).
-8
Let y(r) = 12 + 17*r - 17*r - 2*r. Calculate y(7).
-2
Let d = 96 - 97. Let r(s) = 4*s + 4*s - 1 + 4*s. What is r(d)?
-13
Let y(a) = -a**3 - 2*a**2 - a - 1. Let c(w) = w**3 + 2*w**2 + w. Suppose 10*z - 14 - 26 = 0. Let j(u) = z*y(u) + 3*c(u). Suppose 5 = -3*k - 4. Give j(k).
8
Let m(t) = -t**2 - 11*t - 6. Let l(x) = -3*x**2 - 32*x - 18. Let j(w) = 3*l(w) - 8*m(w). Determine j(-8).
-6
Let r(d) = 2*d**2 + 2*d - 1. Let c be r(-2). Let h(w) = -1. Let a(f) = f**3 + 3*f**2 - 3*f. Let s(u) = c*h(u) - a(u). Let j be (1 + 1 + 2)/(-1). What is s(j)?
1
Let l(q) = 4*q - 43. Suppose 2259*o - 2263*o = -32. Calculate l(o).
-11
Suppose 18*u = 14*u. Let s(a) = -a**3 - 2*a + 3. Calculate s(u).
3
Suppose f = 2*f - 3. Let i = 7 - f. Let o(n) = -9*n**2 + 0*n**2 + 2*n**2 + 3*n**2 + n**3 + 2*n - 5. Determine o(i).
3
Let q(p) = p + 1. Suppose 0 = 2*y - 29 + 15. Determine q(y).
8
Suppose -2*n - 3*n + 15 = 0. Let b(k) = 2*k + 21 - 1 - 6*k - 16 + k**2. Determine b(n).
1
Let t(j) be the third derivative of -11*j**4/24 - 3*j**3 - 13*j**2. Let y(p) = 4*p + 6. Let h(u) = -3*t(u) - 8*y(u). What is h(-6)?
0
Suppose 3*c - 12 = 6. Suppose c = -k + 2*k. Let g(s) = 4 - 5*s + k*s - 3*s. Give g(5).
-6
Let s(w) = -9*w - 25. Suppose -439 = 8*u - 423. Give s(u).
-7
Let v(d) = d**2 + 1. Let w be v(1). Let b be 1/(-2) + (-3)/w. Let s(u) = -6*u - 3. What is s(b)?
9
Let a(y) = y**2 - 4*y - 8. Let v = 14 + -9. Let x be a(v). Let q(f) = 2*f**2 - 1. Give q(x).
17
Let f(l) = l**2 - 4*l + 4. Let v be f(4). Suppose -20 + 4 = v*z. Let w(a) be the second derivative of a**4/12 + a**3 + 3*a**2 + a. Determine w(z).
-2
Let t(q) = q. Let p(c) be the first derivative of -35*c**2/2 + 2. Let h(y) = -7*y. Let k(j) = 21*h(j) - 4*p(j). Let z(u) = -k(u) - 6*t(u). Calculate z(6).
6
Let p(j) = -j + 1. Let y(u) = -u**2 + 14*u - 10. Let d be y(10). Suppose 4*b + d = 2*g, -22 = 5*b + 3. Let w be (-2)/(-2) + g/(-5). Determine p(w).
1
Let c(d) = -d**3 + 3*d**2 + 6*d + 1. Let k = -141 + 146. Determine c(k).
-19
Let z(w) be the third derivative of -w**4/12 + w**3/3 - w**2 - 94. Let t(u) = u**3 - 10*u**2 + 8*u + 7. Let s be t(9). Give z(s).
6
Let i(o) = -o - 7. Let s be ((-44)/33)/((-3)/(1161/(-6))). Let j = s + 76. Give i(j).
3
Let g(p) = p**2 + 3*p. Let j be g(-5). Suppose 5*h + j = 3*h. Let l(v) = -2*v - 12. Let i(t) = -1. Let o(y) = -5*i(y) + l(y). What is o(h)?
3
Let o(i) = 10*i**3 + 2*i**2 - 3*i + 1. Let g(x) = 11*x**3 + 3*x**2 - 4*x + 2. Let t(w) = -5*g(w) + 6*o(w). What is t(2)?
28
Let u(o) = 1191*o**2 + 2*o - 1194*o**2 - 3*o. Determine u(-1).
-2
Let s(j) = -j**3 - 6*j**2 - j - 6. Let l(d) be the third derivative of -d**5/30 - d**4/12 - d**3/3 + 5*d**2. Let r be l(-3). Let y = -20 - r. Determine s(y).
0
Let o be 602/56 - -2*(-1)/(-8). Suppose -5*a - 26 = -o. Let u(m) = 3*m - 2. Calculate u(a).
-11
Suppose -8*w = -12*w - 8. Let t be (-9)/w*(-40)/(-90). Let m(n) = 2*n**3 - 3*n**2 + 3*n - 1. Calculate m(t).
9
Let r(d) be the third derivative of 0 - 17*d**2 - 7/6*d**3 + 0*d + 5/24*d**4 + 1/30*d**5. Give r(-5).
18
Let y(w) = 21*w + 22. Let l(a) = -54*a - 44. Let v(q) = -2*l(q) - 5*y(q). Determine v(0).
-22
Suppose 3 = 3*a - 4*a, 0 = 4*z + 5*a + 11. Let r(g) = -3*g**2 - 2*g**3 + 22*g - 21*g - 2*g**2 + 3*g**2 - 3*g**3. Give r(z).
-6
Let z(c) = -2*c**2 + 3*c - 16. Let l(w) = -w**3 - 2*w**2 + 2*w - 5. Let t(b) = l(b) - z(b). Let u = 1 + -1. What is t(u)?
11
Let y(t) = -9*t**2 - 67 - 5*t + 10*t**2 + 68. Determine y(6).
7
Let s(p) = -2*p - 11. Let c(l) = -l**3 - 18*l**2 + 20*l + 9. Let d be c(-19). Let w(x) = -x - 5. Let z(r) = d*w(r) + 4*s(r). Determine z(5).
16
Let q(m) = -5*m. Let d(b) = b - 1. Let j(o) = -3*d(o) - q(o). Suppose x - 11 = -16. Give j(x).
-7
Let d(j) = -j**3 + 5*j**2 + 9*j - 1. Suppose 36*s - 33*s = 18. Calculate d(s).
17
Let h(j) be the third derivative of 4/3*j**3 + 0 + 17*j**2 + 0*j - 1/12*j**4. Determine h(7).
-6
Let c(i) = i**2 - 1. Let d(t) = -t**3 - 6*t**2 + 5*t - 4. Let y be d(-7). Suppose -5*m + 5 = -y. Determine c(m).
8
Let z(v) be the first derivative of -v**4/4 + 5*v**3/3 + v**2/2 + 7*v - 101. What is z(6)?
-23
Suppose -2*h = -32 + 22. Suppose -2*q + h*u = -12, q + u = 3*q - 12. Let z(w) = 2*w - 7. What is z(q)?
5
Let y(q) = -6*q**3 + 3*q - 2. Let n(x) = x**3 - x + 1. Let d(r) = -3*n(r) - y(r). Let j be d(-1). Let i(u) = -22 - 3*u - u**2 - 24 - 50 + 91. Give i(j).
-9
Let w(k) = -7*k - 3. Let a(x) = 6 + x - 4 + 1 - 2. Let t(f) = 2*a(f) + w(f). Suppose -2 = 5*j - 12. Give t(j).
-11
Let m = -8 - -5. Let u be -4*(-65)/70 + (-2)/(-7). Let w(r) = -6*r - r**2 + u*r + r + 2. Calculate w(m).
-4
Let l = -15 + 37. Suppose -5*w - 2*f + l = 0, -5*f = -3*w - 2*f + 9. Suppose 7*a - w*a = -6. Let n(t) = -2*t - 2. Calculate n(a).
2
Let l(u) = 6*u**2 - 4*u - 3. Let x(k) = -k**3 + 9*k**2 - 5*k + 